r when 2567734 is divided by 8587?
221
What is the remainder when 115925 is divided by 63?
5
Calculate the remainder when 2361380 is divided by 2677.
266
Calculate the remainder when 146527058 is divided by 4212.
2
Calculate the remainder when 165182 is divided by 3170.
342
Calculate the remainder when 40516 is divided by 580.
496
What is the remainder when 537811 is divided by 68?
67
What is the remainder when 1191116 is divided by 396949?
269
Calculate the remainder when 4319737 is divided by 655.
12
What is the remainder when 13917312 is divided by 249?
204
What is the remainder when 412132076 is divided by 5319?
5318
Calculate the remainder when 634019 is divided by 2721.
26
What is the remainder when 4740731092 is divided by 33?
31
What is the remainder when 2494732 is divided by 61?
15
Calculate the remainder when 3175573 is divided by 176417.
67
Calculate the remainder when 37979167 is divided by 487.
472
What is the remainder when 20428339 is divided by 119?
85
What is the remainder when 6315982 is divided by 717?
646
Calculate the remainder when 3601137 is divided by 4108.
2529
Calculate the remainder when 67418 is divided by 22228.
734
What is the remainder when 190135597 is divided by 1?
0
What is the remainder when 8591075 is divided by 6345?
6290
Calculate the remainder when 513583 is divided by 480.
463
Calculate the remainder when 39769 is divided by 19763.
243
What is the remainder when 258950659 is divided by 178?
175
What is the remainder when 129648 is divided by 61?
23
Calculate the remainder when 1677346 is divided by 1677330.
16
What is the remainder when 179605 is divided by 79?
38
What is the remainder when 65387887 is divided by 21795953?
28
What is the remainder when 3471562 is divided by 78?
16
Calculate the remainder when 38192836 is divided by 37.
30
Calculate the remainder when 198017 is divided by 6466.
4037
What is the remainder when 243258 is divided by 121578?
102
What is the remainder when 60308753 is divided by 230186?
21
Calculate the remainder when 285806 is divided by 11426.
156
What is the remainder when 104031 is divided by 6934?
21
Calculate the remainder when 131037488 is divided by 433.
430
What is the remainder when 74135905 is divided by 3202?
3201
Calculate the remainder when 31005 is divided by 2238.
1911
Calculate the remainder when 2635508 is divided by 658829.
192
Calculate the remainder when 43120 is divided by 14124.
748
Calculate the remainder when 36559 is divided by 3663.
3592
What is the remainder when 1002912 is divided by 427?
316
Calculate the remainder when 449908 is divided by 49540.
4048
What is the remainder when 4069700 is divided by 254350?
100
What is the remainder when 12319271 is divided by 150235?
1
What is the remainder when 39560 is divided by 580?
120
Calculate the remainder when 87942 is divided by 29166.
444
What is the remainder when 9442281 is divided by 143?
134
Calculate the remainder when 207920 is divided by 732.
32
Calculate the remainder when 47805 is divided by 2538.
2121
What is the remainder when 10513391 is divided by 1424?
1423
What is the remainder when 12281534 is divided by 34?
20
Calculate the remainder when 13793264 is divided by 3267.
3257
What is the remainder when 931853 is divided by 323?
321
Calculate the remainder when 3088373 is divided by 4398.
977
Calculate the remainder when 17140860 is divided by 205.
195
Calculate the remainder when 131755224 is divided by 1072.
1064
Calculate the remainder when 25060 is divided by 6080.
740
Calculate the remainder when 163312 is divided by 60.
52
What is the remainder when 503299 is divided by 2188?
59
What is the remainder when 657541 is divided by 2324?
2173
What is the remainder when 359928 is divided by 358134?
1794
Calculate the remainder when 8137413 is divided by 2517.
2469
Calculate the remainder when 230797 is divided by 858.
853
Calculate the remainder when 6528848 is divided by 2176276.
20
Calculate the remainder when 144993 is divided by 72399.
195
What is the remainder when 47222661 is divided by 12?
9
What is the remainder when 10731760 is divided by 450?
160
Calculate the remainder when 157745578 is divided by 25767.
4
What is the remainder when 11196265 is divided by 3732085?
10
Calculate the remainder when 114775 is divided by 56455.
1865
What is the remainder when 36610607 is divided by 12203533?
8
Calculate the remainder when 66277 is divided by 10989.
343
Calculate the remainder when 405779527 is divided by 136.
135
What is the remainder when 18717299 is divided by 900?
899
What is the remainder when 14380 is divided by 6999?
382
What is the remainder when 21779575 is divided by 279?
277
Calculate the remainder when 22805284 is divided by 2363.
2334
What is the remainder when 1488805 is divided by 1002?
835
Calculate the remainder when 2073010 is divided by 444.
418
What is the remainder when 8382217 is divided by 291?
253
What is the remainder when 427266 is divided by 1264?
34
Calculate the remainder when 3756608 is divided by 96321.
89
What is the remainder when 218714 is divided by 1257?
1253
What is the remainder when 5905119 is divided by 948?
27
What is the remainder when 3747836 is divided by 12661?
180
What is the remainder when 1175223 is divided by 18?
3
Calculate the remainder when 3627704 is divided by 86373.
38
Calculate the remainder when 1460719 is divided by 85923.
28
Calculate the remainder when 3594927 is divided by 2776.
7
Calculate the remainder when 374415 is divided by 34.
7
What is the remainder when 804137 is divided by 803801?
336
What is the remainder when 5188608 is divided by 8?
0
Calculate the remainder when 64858493 is divided by 10809746.
17
Calculate the remainder when 71248235 is divided by 4.
3
Calculate the remainder when 785405 is divided by 2380.
5
What is the remainder when 9179643 is divided by 644?
67
What is the remainder when 4523 is divided by 943?
751
Calculate the remainder when 2010978 is divided by 15007.
40
What is the remainder when 31604948 is divided by 2278?
2254
What is the remainder when 55301768 is divided by 80?
8
Calculate the remainder when 226035 is divided by 5474.
1601
Calculate the remainder when 30843 is divided by 10228.
159
Calculate the remainder when 229007 is divided by 23.
19
What is the remainder when 6502603 is divided by 357?
205
Calculate the remainder when 9821782 is divided by 3076.
114
Calculate the remainder when 6349707 is divided by 39.
0
What is the remainder when 428163 is divided by 6?
3
What is the remainder when 14253373 is divided by 209608?
29
Calculate the remainder when 1403755 is divided by 350917.
87
Calculate the remainder when 1916704 is divided by 42593.
19
Calculate the remainder when 14014988 is divided by 19068.
8
What is the remainder when 11496496 is divided by 118?
110
Calculate the remainder when 50992 is divided by 8482.
100
What is the remainder when 75325 is divided by 10171?
4128
What is the remainder when 30977 is divided by 1339?
180
What is the remainder when 222574853 is divided by 31?
30
Calculate the remainder when 13764069 is divided by 23.
18
Calculate the remainder when 10216722 is divided by 5108256.
210
Calculate the remainder when 16296105 is divided by 22.
1
Calculate the remainder when 938418 is divided by 555.
468
Calculate the remainder when 8727 is divided by 3972.
783
What is the remainder when 29861543 is divided by 114412?
11
Calculate the remainder when 395630 is divided by 11303.
25
What is the remainder when 38328 is divided by 2037?
1662
What is the remainder when 4261307 is divided by 387389?
28
What is the remainder when 96943 is divided by 15937?
1321
Calculate the remainder when 158028 is divided by 78530.
968
Calculate the remainder when 1336400 is divided by 668182.
36
Calculate the remainder when 21884603 is divided by 84.
83
Calculate the remainder when 217551 is divided by 1604.
1011
What is the remainder when 48093674 is divided by 15?
14
What is the remainder when 529359 is divided by 18905?
19
Calculate the remainder when 4828334 is divided by 111.
56
What is the remainder when 37819 is divided by 1397?
100
What is the remainder when 4074457 is divided by 401?
297
Calculate the remainder when 56889960 is divided by 331.
328
Calculate the remai